e z(43). Determine d(g).
-89
Let r(k) = -2*k**2 - 25*k - 3. Let s = 7950 + -7961. Give r(s).
30
Let n(t) = 2*t**2 + 25*t - 12. Let h be (-2)/(-5) - ((-2418)/520)/(6/(-16)). What is n(h)?
-24
Let s(p) = -p - 9. Let a(j) = j. Let z(o) = -2*a(o) - s(o). Let k be z(6). Let r(y) = 2 + y**2 - 5*y + 2*y**2 - 5*y**2 + y**3. What is r(k)?
-4
Let g(q) = 4*q - 17. Let t(m) = -45*m - 308. Let a be t(-7). Give g(a).
11
Suppose 3*d + 17 = -37. Let z be (-6)/(-18)*4*d/(-4). Let y(n) = -n**2 + 8*n - 8. What is y(z)?
4
Let y = 22064 - 22062. Let r(k) = -2*k**3 + 4*k**2 - 2*k - 6. Give r(y).
-10
Let x(u) = 4*u + 12. Let q = -53 + 48. Let j be -2 - (0 - (q - -4)). Let i be x(j). Let n(l) = -l**3 - l**2 - l + 7. Calculate n(i).
7
Suppose 112*c - 41*c + 52*c = 0. Let x(o) be the third derivative of -26*o**2 - o**3 + c*o + 0 - 1/12*o**4. What is x(-6)?
6
Let k = 12 - 9. Let x(w) be the first derivative of w**5/60 - w**4/8 + 44*w**3/3 + 5. Let y(q) be the third derivative of x(q). Calculate y(k).
3
Let l(a) = a**3 - 7*a**2 + 5*a + 10. Let j be l(6). Suppose -5*q - 3*y + 33 = -4, -j*q + y + 16 = 0. Let k(v) = v**2 - 5*v - 1. What is k(q)?
-1
Let x(i) = -24*i - 170. Suppose 0 = 74*j - 612*j - 833 - 2933. What is x(j)?
-2
Let h be 12 - (12/(-36))/(1/(-21)). Let u(m) = -m + m**3 + 5*m**2 - m**3 + 8 + 6*m**3 - 7*m**3. What is u(h)?
3
Let n(u) = -5*u**2 - 3. Let b(t) = 5*t**2 + 4. Let c(o) = 2*b(o) + 3*n(o). Let a = -13 + 17. Suppose 0 = -j - a*w + 1, -5 = 3*j - 8*j + 4*w. Determine c(j).
-6
Let o(z) = -z**2 - 4*z - 2. Let r(i) = -16 + 29 + 4*i - 7 - 14. Let p be r(4). Suppose 27 = -p*q - q. Give o(q).
1
Let n(p) = 177*p + 18. Let j(l) = -23*l - 2. Let a(z) = 46*j(z) + 6*n(z). Calculate a(-9).
-20
Let i(g) = -67*g - 91. Let a(h) = 41*h + 92. Let u(x) = -3*a(x) - 2*i(x). What is u(9)?
5
Let b(t) be the third derivative of 0*t**5 + t**3 + 0 - 1/24*t**4 + 0*t + 1/120*t**6 - 18*t**2. Calculate b(0).
6
Let r(z) = -z**2 - 4*z - 6. Let f be (-16 - -16 - -11) + (-32)/2. What is r(f)?
-11
Let g(r) be the first derivative of 0*r + 1/3*r**3 - 29 - 1/2*r**2. Give g(-2).
6
Let x = -146941 + 146942. Let z(m) = 35*m**3 - 5*m**2 + 9*m - 2. Let l(o) = 18*o**3 - 3*o**2 + 5*o - 1. Let h(j) = -7*l(j) + 4*z(j). Give h(x).
15
Let j(g) be the first derivative of 90 + 12*g - 2/3*g**3 + 11/2*g**2. Give j(6).
6
Suppose -3*k - 225 = -228. Let r(d) = -3787*d - k - 4 + 3791*d. Suppose 0 = 5*c + 3*p - 8, -2*c - 12 = 5*p - 0*p. Give r(c).
11
Let g(n) = 79*n - 25*n + 10 - 24*n - 25*n. Give g(6).
40
Suppose 2*i + 35 = 3*z, 253*z - 255*z + 40 = -3*i. Let d(k) = -k**3 - 13*k**2 - 29*k + 11. Give d(i).
1
Let p = -5 + 24. Suppose -84 = -13*h - p. Let g(w) = w**3 - 4*w**2 - 7*w - 2. Determine g(h).
-12
Suppose 54*l + 7108 - 5596 = 0. Let j(a) = a**3 + 27*a**2 - 23*a + 115. Give j(l).
-25
Suppose -5*z + 4*z - 2*w = 2, 0 = z + 5*w + 8. Let x(i) = 0 - 8 + 0 + z + 2 - i. Determine x(-6).
2
Let a(m) be the second derivative of m**5/20 - 5*m**3/3 + m**2 - 52*m - 18. What is a(3)?
-1
Let y(k) = -3*k**3 + 84*k**2 - 13*k + 14. Let i(t) = t**3 - 16*t**2 - t - 2. Let f(u) = 4*i(u) + y(u). Determine f(-21).
-78
Let k(r) = r + 20. Let l(t) = t**2 + t - 168. Let s be l(12). Calculate k(s).
8
Let j(i) = -i**2 - 9*i + 8. Suppose -2*s = -2*c - c - 18, -36 = -4*s - c. Let h be (-1 - s)*1 + (-8)/(-8). What is j(h)?
8
Let o = 770 - 778. Let q(t) = -t**2 - 9*t + 2. What is q(o)?
10
Suppose -9 = a - 6. Let d be (-178)/(a/12*2). Let g(x) = d*x**2 - 360*x**2 - 5*x + 3*x + 1. Determine g(-2).
-11
Let w(q) = q**3 + 3*q**2 - 5*q - 3. Let y(v) = 15*v - 57. Let l(m) = 14*m - 57. Let k(o) = -5*l(o) + 4*y(o). Let c be k(6). What is w(c)?
12
Let r(h) be the first derivative of -3*h**2/2 - 56*h + 3160. Give r(-20).
4
Suppose 403*p = 398*p + 45. Let b(j) = 1 + j**2 + 0 - 4 + 5*j - p. Calculate b(-8).
12
Suppose -644*p + 641*p = -6. Let x(d) = -p*d**2 - 2*d - 3 + 9 + 3*d**2 + 5*d + 3*d. What is x(-6)?
6
Let t(g) = 76*g - 9. Let r(v) = -118*v + 14. Let l(h) = -5*r(h) - 8*t(h). Give l(1).
-16
Let y = -270 - -281. Let m(a) = y*a**2 - a**3 + 3*a + 17 - 2*a - 12*a**2. Determine m(0).
17
Suppose -4*r = f - 2*r - 35, 184 = 4*f - 3*r. Suppose -83 = f*z + 89. Let g(i) = -i + 9. Let u(c) = 8. Let t(l) = -2*g(l) + 3*u(l). Calculate t(z).
-2
Suppose 6*c - 291 = 507. Let v(d) = d**3 + c*d + 0*d**3 - 8 - 142*d - 5 - 8*d**2. Calculate v(9).
-13
Let u(i) = 2*i**2 + 13*i - 32. Let o be (((-36)/60)/((-36)/(-20)))/(2/54). Give u(o).
13
Suppose 42*r - 225 = 27. Let w = 4 - 2. Let y(o) = 7*o**w - o**2 + o - 4 + 4 - 5 - o**3. What is y(r)?
1
Let r(l) be the first derivative of l**2 - l - 2504. Calculate r(-24).
-49
Let y(o) be the third derivative of -o**5/60 - 7*o**4/24 - 7*o**3/6 - 2*o**2 + 57*o + 11. Let n = -9 + 5. What is y(n)?
5
Let m(x) be the third derivative of -x**4/24 - x**3/6 + 2720*x**2. Determine m(-2).
1
Let k = -13483 + 40456/3. Let g(y) be the first derivative of -19 + 0*y**2 + 0*y - k*y**3. Give g(1).
-7
Suppose 4 = 7*v - 45. Let b be 4*(v/4)/7*-5. Let y(j) = -j - 12. Give y(b).
-7
Let l(k) = -k + 13787 - 27711 + 13865. What is l(0)?
-59
Let v(b) = -10*b + 98. Let u(f) = -12*f + 113. Let l(m) = 10*u(m) - 11*v(m). Calculate l(7).
-18
Let o(q) = 3*q - 116. Let y = -1530 + 1570. Calculate o(y).
4
Let m(h) = 7*h**2 + 386*h + 46. Let c be m(-55). Let n(l) = -l**3 - 9*l**2 + l + 10. What is n(c)?
1
Let q(w) = w - 8. Suppose 8*d - 11*d = -5*y + 81, -4*d = -4*y + 60. Let m be (-2)/7 - (-1128)/(-21). Let f be 4/y + (-420)/m. Determine q(f).
0
Let k(m) = -4*m - 34. Let x(t) = 7*t + 24. Let g(c) = -20*c - 70. Let q(r) = 6*g(r) + 17*x(r). Let w(z) = -2*k(z) + 7*q(z). What is w(10)?
-6
Let d(g) = g**3 + 8*g**2 + 2*g + 19. Let q be d(-8). Suppose -6 = h - q*h. Let w(r) = 11*r - 9 - r - 6*r - h*r. Give w(10).
1
Let d(p) = -2*p + 7. Let z(y) = -y + 4. Let j(a) = -4*d(a) + 7*z(a). Let w = 1 + -1. Suppose -15 = -w*q - 3*q. Determine j(q).
5
Let z(p) = -4*p + 3. Let c(b) = b - 1. Let o be (6/(-19))/3 - 1692/893. Let r(n) = o*c(n) - z(n). Give r(-2).
-5
Let k(g) = -g - 6. Let n(z) = -1035*z + 6199. Let b be n(6). Let q(a) = -23 - 2*a + 6 - 12. Let r be q(b). Determine k(r).
1
Let b = 824 + -803. Let p(i) = 8*i - 161. Give p(b).
7
Let m(j) be the third derivative of -j**6/120 + j**5/60 + 5*j**4/24 - 7*j**3/6 + j**2 - 325. Calculate m(-3).
14
Let k = 6553 - 6541. Let p(g) = -4*g + 3. What is p(k)?
-45
Let z be (-6)/4*(-245)/(-105) - 2/4. Let g(j) = j**2 + 2*j + 6. Determine g(z).
14
Let i(z) be the third derivative of -z**4/6 + 7*z**3 - 8*z**2 - 101*z. Give i(-6).
66
Let g(d) = -d**3 + 23*d**2 - 35*d + 290. Let p be g(22). Let t(k) = 6*k**2 - 9*k - 4. Determine t(p).
56
Let x(h) = h**2 - 5*h**2 + h - 53 - 27 + 5*h**2 + 132 + h**3. Determine x(0).
52
Suppose -46*m + 32057 = 11633. Let s = m - 449. Let g(r) = 2*r + 7. Give g(s).
-3
Let r(u) be the third derivative of -u**5/60 - 19*u**4/8 - 116*u**3 + 9*u**2 - 33*u + 4. Give r(-39).
6
Let y(j) be the third derivative of 7*j**4/24 + 7*j**3/6 + 9054*j**2. Give y(2).
21
Let u(r) be the first derivative of -2*r**3/3 - 15*r**2/2 + 27*r - 3241. Determine u(-12).
-81
Let v(m) = -7*m - 19. Let x(w) = 4. Let p(b) = -v(b) - x(b). Give p(-1).
8
Let i(b) = 28*b - 126. Suppose -328*y = -188*y - 164*y + 96. Give i(y).
-14
Let h(g) = -g**3 - 6*g**2 - 5*g + 1. Let q be h(-5). Let k(m) = 47*m - 2. Determine k(q).
45
Let l(b) = -21*b**2 + 15205 - 15205. Calculate l(-1).
-21
Suppose 5*k - 7 = 3*q, 4*k - 2*k + 4*q - 8 = 0. Let y(i) be the second derivative of i**5/10 - i**4/6 - i**3/3 - 7*i - 3. Calculate y(k).
4
Suppose -9 - 9 = -9*c. Let m(v) = -3*v - 2 - v**2 + 3 + 5*v. Determine m(c).
1
Let o(g) = 13*g + 127. Let c be o(-10). Let n(y) = 2. Let h(l) = l + 11. Let q(a) = -4*h(a) + 22*n(a). Determine q(c).
12
Let c(m) be the second derivative of -m**6/120 - m**5/5 + 7*m**4/12 + 3*m**3/2 + 205*m**2/2 + m + 37. Let v(x) be the first derivative of c(x). Give v(-13).
-4
Let f(u) = u**3 + 8*u**2 + 7*u - 6. Let w(x) be the third derivative of 0 + 19*x**2 - 1/24*x**4 + 0*x - 5/2*x**3. Let p be w(-8). Calculate f(p).
-6
Let f(c) = 7*c - 2*c**2 + 11575 + 5*c - 11569. Give f(7).
-8
Let h(l) = l**3 + 4*l**2 + l - 2. Suppose -42 = 5*z + 4*o, 4*z + 10*o - 7*o = -33. Give h(z).
-80
Let l(i) = 15*i - 11*i + i**2 + 16*i - 64. Let o be l(3). Let t(g) =